) = 2*a**3 + 6*a**2 - 4*a + 10. Let p = 44 - 49. Let s be b(p). Let y = -33 - s. What is the tens digit of y?
3
Let i(n) = 766*n - 1011. What is the tens digit of i(6)?
8
Let v(j) = -j**2 + 109*j - 577. What is the units digit of v(26)?
1
Let q(o) = o**3 - 15*o**2 - 28*o - 1. Let n be q(17). Let t = 110 - n. Let z(u) = u + 30. What is the units digit of z(t)?
9
Suppose -57196 = -4*s - 4*y, 1359*s = 1363*s - 3*y - 57231. What is the hundreds digit of s?
3
Let y = 1868 - 911. Let t = -607 + y. What is the hundreds digit of t?
3
Let p = 110103 + -52447. What is the thousands digit of p?
7
Let q(z) = z**3 + 23*z**2 - 2*z - 47. Let k be q(-23). Let a be k + (-50)/18 - 8/36. What is the units digit of (-8)/a - (2/(-2) + -33)?
6
Let a = -468 + 592. What is the tens digit of (-8 - 21)/((-4)/a)?
9
Suppose 110*k = 8*k - 4*k + 2527570. What is the units digit of k?
5
Suppose 0 = 15*v + 72 + 48. Let n(t) = 165*t**2 + 3*t. Let m(z) = 55*z**2 + z. Let l(w) = v*m(w) + 3*n(w). What is the units digit of l(1)?
6
Let r(z) = 7*z**3 - 2*z**2 + 51*z - 10. What is the thousands digit of r(11)?
9
Let f(n) = -63*n**3 + 9*n**2 + 5*n + 27. What is the units digit of f(-6)?
9
Let c(i) = i**2 - 5*i + 2. Let u be (-4)/10 + (-1)/(15/(-51)). Suppose -3*w = -2*w - 4*z + 9, u*w + z = 25. What is the units digit of c(w)?
6
Let d be (2 + -8)/(54/(-36)). Suppose 0 = -8*b + 3*b + 2*h + 2624, -2628 = -5*b + d*h. What is the units digit of b?
4
Let w(m) = 379*m**2 - 13*m + 51. What is the thousands digit of w(6)?
3
Suppose -529*s - n = -534*s + 196670, 0 = -2*n + 10. What is the thousands digit of s?
9
Suppose 0 = s - 5*r - 153, 4*s + 447 = 7*s - 3*r. Suppose 0 = -3*b + 56 + s. What is the tens digit of b?
6
Suppose -3*p - 2*u + 13001 = 0, 112*p - u + 21680 = 117*p. What is the units digit of p?
7
Let p(c) = 4*c**2 + 147*c + 5728. What is the thousands digit of p(-36)?
5
Let o(g) = -g**3 - 5*g**2 - 5*g. Let t be o(-4). Let c(l) = 2 - 19*l + t + 22*l. What is the units digit of c(11)?
9
Let k = 15218 - -50299. What is the hundreds digit of k?
5
Let l = 60947 - 36053. What is the tens digit of l?
9
Suppose 14*b - 71829 = 142259. What is the units digit of b?
2
Let o be ((-1)/2)/((-6)/12)*9. Suppose -17*g + o*g = -2568. What is the units digit of g?
1
Suppose 0 = -292*f + 263*f + 116. Suppose -4*x + 3*x - 14 = -4*b, -4*x - 2*b - 74 = 0. What is the hundreds digit of f/6 + (-2094)/x?
1
Let p be (-8)/(-14) + (-32)/56. Let a = 6 - p. What is the units digit of a?
6
What is the ten thousands digit of 3*(-12)/27*(-13851 + 30)?
1
Let c(n) = 149*n**3 - n**2 + 4*n - 3. Let b be c(1). Let v = b - -286. Let a = v - 283. What is the tens digit of a?
5
Let n = -924 - -201. Let y = 1114 + n. What is the units digit of y?
1
Suppose 4*o + 65*o - 8*o = 1128134. What is the units digit of o?
4
Let l(s) = -12282 - 10*s + 12372 - 32*s. What is the units digit of l(-19)?
8
Let m(k) = -193*k**3 - k**2 + 2*k - 1. Suppose 5 = -9*c + 14*c. Let y be m(c). Let i = y + 309. What is the hundreds digit of i?
1
Suppose -84520 = -2*u + 2*f - 34670, -4*u - 4*f + 99708 = 0. Suppose u = 17*s + 7603. What is the thousands digit of s?
1
Let n(h) = -13*h + 44. Suppose 33 = 9*v - 3. Suppose 0*t - 36 = v*t. What is the hundreds digit of n(t)?
1
Let j = -314 - -1037. Suppose -3*i + 3*r + j = 0, -2*r = -i - 2*i + 725. What is the units digit of i?
3
Suppose -d + 32 = -0. Suppose 2*z - 30 = -d. What is the units digit of 9 - ((2 - z) + -6)?
2
Let d be 6 - -4*(-5)/20. Suppose 0*h + 0*h = -d*h. Suppose -2*k + 5*i - 35 + 154 = h, 0 = -k - 3*i + 76. What is the units digit of k?
7
Suppose 2*t - 15 - 7 = -2*o, o + 4*t = 23. What is the hundreds digit of ((-11 - -2) + o)*603/(-6)?
2
What is the tens digit of 3256 + -1 + -31 + 45?
6
Let q(u) = -15*u**3 + 52*u**2 - 13*u + 46. Let v(s) = -7*s**3 + 26*s**2 - 7*s + 23. Let n(c) = -6*q(c) + 13*v(c). What is the units digit of n(25)?
3
Suppose -5*g = -2*d - 9, -d - 2*g = -5 - 4. Suppose -587 = -4*t - 3*z, -140 = -t + d*z - 6*z. What is the hundreds digit of t?
1
Suppose 19 = -4*h - r, 2*h = -3*h - 4*r - 10. What is the tens digit of ((-2700)/h + 0)*15/10?
7
Suppose 4*y = -20*b + 18*b + 72218, 0 = -5*y - 4*b + 90271. What is the tens digit of y?
5
Let f = 2369 + 22457. What is the thousands digit of f?
4
Suppose -2 = 4*s + 2, 0 = -2*c + 5*s - 11. What is the hundreds digit of ((-298)/c)/((-4)/(-48))?
4
Let s(a) = 55*a - 28. Let k be s(-17). Let n = -560 - k. Suppose 0 = -5*r + n - 143. What is the tens digit of r?
5
Let b(p) = 5*p**2 - 40*p - 249. Let q be b(-27). Let i = q - 2703. What is the tens digit of i?
7
Let j(g) = -g**3 + 9*g**2 + 2*g - 8. Let l be j(9). Let c(y) = -7*y + 0*y - l*y - 20 + 10*y. What is the units digit of c(-12)?
4
Suppose -18029 = 34*r - 139171. What is the units digit of r?
3
Suppose 17355 = 5*u - 2*d - 37389, 3*d + 43798 = 4*u. Suppose -h + 18*h - u = 0. What is the units digit of h?
4
Let a(n) = n - 38. Let f be a(20). Let c(u) = -u**2 - 9*u + 9. Let p be c(-10). What is the units digit of 2/(-8)*p + f/(-24)?
1
Let b = 42 + -37. Suppose -5 = -b*d - 15. What is the tens digit of 16/(6/28 + d/(-7))?
3
Let s = 100222 + -43416. What is the ten thousands digit of s?
5
Suppose 0*g + 3 = g, m - g - 224 = 0. What is the hundreds digit of m?
2
What is the thousands digit of -7 - (21/3)/(1/(-979))?
6
Let l(q) = -102*q - 214. Let b be l(-6). Suppose 3*x = -4*p - 971, x = -p - x - 249. Let d = p + b. What is the hundreds digit of d?
1
Let f(q) = 223*q**3 - 21*q**2 + 103*q + 5. What is the hundreds digit of f(6)?
0
Let d = 3748 + -1884. What is the tens digit of d?
6
Suppose 2*b = 9*b - 1015. Suppose -5*u + b = 2*l, -4*l = -u + 4*u - 87. Let d(x) = -x**3 + 29*x**2 + 10*x - 60. What is the tens digit of d(u)?
3
What is the hundreds digit of (-67304)/(-6) - 140/420?
2
Let r = -73 - -95. Let i(f) = 8*f - 115. What is the units digit of i(r)?
1
Let a = 54 - 58. Let f be a - (1 + 0)*-52. Let r = f - -49. What is the units digit of r?
7
Let o(d) = d**2 - 18*d - 13. Suppose -5*a = -5*j - 115, -5*a + 3*j = -0*a - 109. Let b be o(a). What is the units digit of b + (2 + 14)/(-4)?
3
Let r(w) = 132*w**3 + 2*w**2 + 14*w - 46. What is the hundreds digit of r(3)?
5
Let v = 6780 - 6874. Suppose 0 = 4*j - 7*j. What is the hundreds digit of (v + j)*39/(-26)?
1
What is the thousands digit of 101*(1294/(-10))/((288/(-90))/16)?
5
Let k = -4239 - -11356. What is the hundreds digit of k?
1
Suppose -10*q - 5*q = 8*q - 24978. What is the thousands digit of q?
1
Let x(r) = -8*r - 15 + 23*r**2 + 3 - 1 - 2. What is the tens digit of x(-2)?
9
Let i be (-72)/(-40)*40/12. What is the tens digit of i/(-11) - 1392930/(-847)?
4
Let g(o) be the first derivative of o**3/3 - 2*o**2 - 13*o - 12. Let j be g(7). Suppose -j*m - m + 270 = 0. What is the units digit of m?
0
Let d be -6*((-1)/(-2))/((-18)/12). Suppose 230 + 386 = d*l. What is the hundreds digit of l?
3
Let j be ((-18)/15)/(21/70). Let o be 1/j*-10*(24 + -4). What is the tens digit of (528/(-144))/(o/(-48) - -1)?
8
Let k be (-2)/((-2)/(-5)) + -3. Let w be k/(65/(-26) + (-6)/(-2)). Let g(j) = j**3 + 17*j**2 + 12*j - 15. What is the units digit of g(w)?
9
Suppose 3*s + 174*a = 173*a + 97459, -4*s + 5*a + 129996 = 0. What is the thousands digit of s?
2
Let d be (-1 - -9427)/((-76)/(-418)). What is the hundreds digit of 8/288*d - 1/12?
4
Suppose -30 = -8*v + 50. Suppose 0 = -i + z + 26, -v*z + 9*z = -3*i + 82. Suppose i*a - 30*a = -200. What is the units digit of a?
0
Suppose -4*z + 3*s = -48069 - 92156, 0 = -3*z - s + 105159. What is the hundreds digit of z?
0
Let s(x) = -x**2 - 8*x + 6. Let g = 367 + -249. Suppose g = -4*a + 90. What is the units digit of s(a)?
3
Let j(c) = c**2 - 2*c - 4. Let f be j(5). Let h(y) = 19*y - 25. What is the units digit of h(f)?
4
Suppose x + 5*p = 733, -3*p = x + p - 735. Suppose -4*r + j = -1513, -2*r + x = 21*j - 26*j. What is the units digit of r?
9
Let n = -8240 + 14050. Suppose -a - 13*a = -n. What is the units digit of a?
5
Let v be (-145432)/(-24) - (-2 + (-20)/(-12)). Suppose 9*x - v - 2985 = 0. What is the units digit of x?
5
Suppose 60346 = 3*u + 4*z, -42*u = -46*u - 4*z + 80472. What is the hundreds digit of u?
1
Let s = 462 - 647. Let m = s - -562. What is the tens digit of m?
7
Let g(i) = 23*i**2 + 2*i - 